4*o - 2. What is z(n)?
10
Let c(j) be the third derivative of j**4/24 - j**3/6 + 8*j**2. Calculate c(-3).
-4
Let i(y) = y + 15. Let r be i(-10). Let c(q) = -4*q + 4. Calculate c(r).
-16
Let h(r) = -r**3 - 5*r**2 + 4*r - 3. Let u(a) = -a + 5. Let i be u(11). What is h(i)?
9
Let v(z) be the second derivative of 3*z**5/10 - z**4/12 + z**3/3 - z**2/2 - z. Let q(m) = m. Let p be q(5). Suppose 3*y = -2 + p. Give v(y).
6
Let u(n) be the first derivative of n**4/4 + 4*n**3/3 - 4*n**2 - 7*n + 2. Let b be u(-5). Let a(w) = -b + 0*w + 4 - w + 5*w. What is a(4)?
12
Suppose 0 = -2*p + 4 + 4. Let o(m) = -3*m - 9. Let w(b) = 5*b + 17. Let t(g) = -7*o(g) - 4*w(g). Calculate t(p).
-1
Let o(v) = 2 - 2 + 1 + 3*v**2 + v + 0*v. Determine o(-1).
3
Let j(c) = -c**2 + 5*c - 3. Let a be j(4). Let n(l) = 8*l**2 - 13*l + 13. Let r(y) = 2*y**2 - 3*y + 3. Let u(s) = -2*n(s) + 9*r(s). Determine u(a).
2
Suppose 0 = 5*o - 20, 5*w + 2*o = 6 + 12. Let v(j) be the first derivative of 1/3*j**3 - 2*j**w + 2 + 3*j. Give v(3).
0
Let u be -3 + (-1 - 3) + 4. Let z(x) = 1. Let r(y) = -y + 7. Let b(c) = -r(c) + 6*z(c). What is b(u)?
-4
Let k = 17 - 22. Let z(j) = 2*j - 3. Determine z(k).
-13
Let w(i) = i**3 + 8*i**2 + 7*i + 3. Let o be w(-7). Let t(u) = u**3 + u**3 - 6 + 6*u**2 - 3*u**o - 5*u**2 + u. Give t(0).
-6
Let o(h) = h**2 - 2*h + 5. Let k(q) = -2*q**2 + 4*q - 11. Let w(r) = -4*k(r) - 9*o(r). Let p(z) be the first derivative of w(z). Determine p(-2).
6
Let n(o) = 32*o - 18*o - 6 - 13*o. Give n(12).
6
Let f = -4 + 2. Let b(l) = -4*l + 6*l**2 - 5*l**2 - 2*l**2 - 2. Calculate b(f).
2
Let w(h) = 2*h + 2. Let t(v) = -v + 1. Let y(r) = -6*t(r) - 2*w(r). What is y(7)?
4
Let n be (-30)/(-5)*(-2)/(-6). Let x = 0 - -4. Let v(g) = 5*g**3 - x*g**2 + g - n + 3 + 5*g**2. Determine v(-1).
-4
Let y(t) = -96 + 0*t + 97 - 4*t + 3*t. Suppose -5*h + 35 = 5*g, -2*g + 22 = 2*h + 2*g. Suppose 0 = -2*m - 2*s + 20, -2 = -3*m + 2*s + h. Calculate y(m).
-4
Suppose 0 = -5*s + 3*s. Let c(t) = -t**3 - 14 + 5*t**2 - 4*t**2 - t + 7. Give c(s).
-7
Let f(m) = 5*m**2 + 8 + m**3 - 4*m + m - 2*m. Let a = -57 + 51. What is f(a)?
2
Let r(t) be the first derivative of -4 + 0*t**3 - 1/10*t**5 - 1/24*t**4 + t**2 + 0*t. Let a(k) be the second derivative of r(k). Calculate a(-1).
-5
Let l(z) = -5 + 4*z - 2*z - z**2 + 5*z. What is l(5)?
5
Let v(s) = -12*s + 3*s + 10 - s**2 + 5*s. What is v(-7)?
-11
Let y(a) = -a**3 + 5*a**2 + a - 6. Suppose 3*p = h + 2 + 18, 5*p - 4*h = 45. Determine y(p).
-1
Let n(b) = b - 4*b - 5 + 4*b. Suppose 6*f - 3*f - 18 = 0. Give n(f).
1
Let r(d) = -1 + 6*d**2 - d**2 - d**2 - d. Let z be 1/(-2)*(0 - -2). Calculate r(z).
4
Let u(t) be the first derivative of -1/4*t**4 + 0*t**2 - 2*t + 3 - 2/3*t**3. Let v = -1 + -2. Give u(v).
7
Let z(k) = -k**2 - 1. Suppose -3*y - 18 = -6*y. Let b = y - 4. Calculate z(b).
-5
Let n(v) = -10*v**3 - v - 1. Suppose 9 = 5*b + 2*j, j + 5 = 3*b - 7. Suppose 3*k + 15 = b*r + 3, -3*k - 22 = -r. Let c = k - -8. What is n(c)?
10
Suppose -4*x + 7 = 3. Let s(r) = -9*r**2. What is s(x)?
-9
Let s be 0 + (3/1 - 1). Let a(z) = z - 4. What is a(s)?
-2
Let u(q) be the first derivative of q**7/840 - q**6/180 - q**5/120 - q**4/24 - 2*q**3/3 + 2. Let y(z) be the third derivative of u(z). What is y(3)?
5
Let z(g) be the second derivative of 7*g**4/12 + g**3/6 - g. Suppose -11*r + 8*r + 15 = 0. Suppose x + 2 = r*x - 3*i, 4*x - 6 = 5*i. What is z(x)?
6
Let k be 17/5 - 10/25. Let z(c) = -c + 7. What is z(k)?
4
Let h(p) = -p**3 + p**2 - 1. Let q(r) = -3*r**3 + 9*r**2 - 5*r + 2. Let i(f) = -4*h(f) + q(f). Calculate i(-6).
0
Suppose -4*z + 4 = -5*o - 3*z, -4 = -z. Let w(u) = -u + 21. Give w(o).
21
Let s(j) = -j + 6 - 2*j - 6 + 3. What is s(-3)?
12
Let w(n) = -4*n + 3. Suppose -5*s - 2 = 3*m, 5 = -2*m - 3. Calculate w(s).
-5
Let f = 17 + -30. Let s = f + 8. Let m(z) = -1 + 0 - 4*z**2 - z**3 + 7*z + 5. Determine m(s).
-6
Let x be (-6 - -3) + 1 - -1. Let r(p) be the third derivative of p**5/4 - p**4/24 - p**3/6 + 6*p**2. Determine r(x).
15
Let d(p) = p**3 - 6*p**2 + p - 8. Let l = 32 + -15. Let i = 23 - l. Give d(i).
-2
Let w(v) be the second derivative of -v**4/6 + v**3/2 + 2*v**2 - v. Suppose f = 6*f - 15. What is w(f)?
-5
Let v(z) = -7*z - 2. Let i(f) = f + 0*f - 2 + 3 + 2*f. Let j(c) = 9*i(c) + 4*v(c). Calculate j(-3).
4
Suppose 0 = w - 3*w + 2*l, -18 = -4*w - 2*l. Suppose 0*u - w*u + 6 = 0. Let m(n) = 2*n**3 - n**3 + 0 - 2*n**u - 5 - 2*n**2 - 4*n. Give m(5).
0
Let s(k) = k**2 - 7*k + 5. Let d = 2 - -1. Suppose -4*u = 0, 4*i + u - 20 = -d*u. Calculate s(i).
-5
Let s = 13 + -8. Let q = s - 7. Let i(v) = 3*v + 1. Give i(q).
-5
Let p(y) = y**3 + 2*y**2 - y. Let l = -13 - -10. Let x be p(l). Let a(z) = z**2 + 6*z + 8. What is a(x)?
8
Let o(k) be the third derivative of k**4/12 + 7*k**3/6 + k**2. Let s(j) = -j - 1. Suppose 17*a - 18*a = 5. Let z(t) = a*s(t) - o(t). Determine z(2).
4
Suppose 3*x - x = -3*g + 16, 3*x = -g + 17. Let s(f) = 0 + 7 - 11*f + 14. Let y(q) = -5*q + 10. Let c(d) = 3*s(d) - 7*y(d). What is c(x)?
3
Let p(x) = x**3 - x**2 + 2*x - 1. Let t be 12/2 + -3 + -1. Let a(l) = -l + 4. Let y be a(t). Calculate p(y).
7
Let g(c) = 2*c**3 - c. Let w be 8/(-28) - 46/(-14). Suppose 1 = -4*b - w, -3*b = -5*k + 8. What is g(k)?
1
Let n(k) = k**3 - 7*k**2 + 8*k - 9. Let s be n(6). Let f(h) = 3*h**2 - h**3 - h**2 + 3*h + 2*h**3 - 2*h**3 - 4. Give f(s).
-4
Let c(r) = r**3 + r**2 - 3*r + 2. Let l(k) = 2*k**2 - k - 1. Let d be l(-1). Calculate c(d).
8
Let k(o) = o - 5. Suppose 17*a - 18*a = 0. What is k(a)?
-5
Let y(j) be the second derivative of j**3/6 - 2*j**2 - 2*j. Let l be (40/(-32))/((-2)/8). What is y(l)?
1
Let z(a) = -5*a**2 - 1. Let n(c) = -c**2 - 8*c + 15. Let f be n(-8). Suppose 3*v + 5*g - 2 - f = 0, 3*g - 7 = -5*v. Determine z(v).
-6
Suppose -4*l - l = 0. Suppose l = 5*j + 32 - 7. Let w(g) = -g**3 - 4*g**2 + 3*g - 6. Give w(j).
4
Let l(f) be the first derivative of -1/2*f**2 - 3 - 7*f. Determine l(-6).
-1
Let d(z) = 7 - 31*z - 5*z**2 - 36*z + z**3 + 65*z. Let q = -11 - -15. Suppose 2*o = q*s - 30, -2*o + 1 - 11 = 0. What is d(s)?
-3
Let g(v) = -10*v**3 + 2*v - 1. Let z = -4 + 6. Let b = z + -1. Give g(b).
-9
Let p(c) = 5*c**2 + 11*c + 4. Let j(y) = 4*y**2 + 21*y + 3. Let b(m) = m**2 + 1. Let f(n) = -5*b(n) - j(n). Let z(w) = -6*f(w) - 11*p(w). Determine z(6).
-2
Suppose 7*s = 2*s - 30. Let m be (80/24)/(4/s). Let r(a) = -a**2 - 6*a - 7. What is r(m)?
-2
Let j be 10/8 + (-9)/(-12). Let q(k) = 65*k - 66*k - 2*k**2 - j*k**2 + k**3. Calculate q(4).
-4
Let h(c) = 2*c + 3 - 2*c**2 + c + 3*c**2. Let w(r) = 0*r**2 - r**2 + 0 + 3 - 4*r + 3*r. Let t be w(2). Calculate h(t).
3
Let v(c) = c. Suppose 3*y + q = 15, 3*y + 2*y - q - 17 = 0. Give v(y).
4
Let i(d) = -2*d - 9. Suppose 12*q + 4*q = -96. Calculate i(q).
3
Let d(c) = c**3 - c**2 - 5*c + 4. Let p(a) = -a**2 - 4*a + 3. Let x = 8 - 4. Suppose x = -0*y - y. Let o be p(y). What is d(o)?
7
Let l(y) = -y + 5. Let b = -24 + 20. What is l(b)?
9
Let s(c) = -c**2 + 2. Let y be (2/(-4))/(6/(-72)). Let b(k) = 2*k**2 + k - 5. Let d(r) = y*b(r) + 13*s(r). Calculate d(5).
1
Let d(c) = -1. Let m(z) = -z - 8. Let h(f) = -2*d(f) + m(f). Calculate h(-10).
4
Suppose 4*j - 2*v = -6*v + 16, -v - 31 = -4*j. Let m(i) = -i**3 + 7*i**2 + 2*i - 7. Calculate m(j).
7
Let w(i) be the second derivative of i**4/12 - 2*i. Suppose m + 0*m = 0. Calculate w(m).
0
Let f(b) = b + 1. Let a(p) = -3*p - 2. Let q(i) = -a(i) - 2*f(i). Suppose 6*v = 2*v + 8. Suppose -2*s - 4 = v*s. Calculate q(s).
-1
Suppose 0 = -5*b + u - 7, 4*b + 3*u + 1 - 3 = 0. Let w = b + 5. Suppose -5*g = 3*j + 6, -j - j = w*g + 6. Let v(n) = -n**3 - 4*n**2 - n. Determine v(g).
-6
Let f(v) = -v - 3. Let c be f(-7). Let b be 13/(-2) + (-2)/c. Let t be 1/4 + b/(-4). Let j(u) = u**2 - 3*u - 1. Calculate j(t).
-3
Let i(l) = l. Let n(a) = -3*a - 5. Let g(c) = 2*i(c) + n(c). What is g(-5)?
0
Let o(z) = 2*z - 2. Let f(d) = d - 1. Let y(b) = -7*f(b) + 3*o(b). Suppose -2*i = 4*t - 10, 1 = -2*i - t + 11. Calculate y(i).
-4
Let w(j) = j**2 - j. Let i(z) = -z - 5*z + 7*z + 11. Let h be i(-12). Determine w(h).
2
Let p(r) = -7 + 3 - 8*r - 1 + 4 - r**2. Let f(d) = -d**2 - 2*d - 3. Let c be f(-3). Determine p(c).
11
Suppose 2*w - 2 - 2 = 3*b, -2*w = 4*b - 4. Let g(j) = 3*j**2 + j**3 - 3*j + 4*j - w*j - 2*j. What is g(-3)?
9